hest common factor of 566460 and 2513404.
4196
Calculate the greatest common divisor of 1626 and 259664883.
813
What is the highest common divisor of 618 and 37127586?
618
What is the greatest common divisor of 49162 and 63356?
94
Calculate the highest common factor of 1088431872 and 1672.
1672
Calculate the greatest common divisor of 2487119 and 31150329.
11153
Calculate the greatest common divisor of 85176938 and 77.
77
Calculate the highest common divisor of 16 and 430455216.
16
What is the highest common divisor of 612072 and 9288?
72
What is the greatest common divisor of 1343 and 6785584?
17
Calculate the highest common factor of 192760 and 1658956.
244
What is the highest common factor of 412 and 699508?
4
What is the greatest common factor of 2875 and 11857650?
575
What is the greatest common factor of 16 and 526663624?
8
Calculate the highest common divisor of 56860 and 38840.
20
Calculate the highest common divisor of 123132624 and 72.
24
Calculate the greatest common factor of 923304 and 15111.
219
Calculate the highest common divisor of 980 and 8644020.
140
Calculate the greatest common factor of 602 and 222838.
14
Calculate the highest common divisor of 475070568 and 2044.
2044
What is the greatest common factor of 9210234 and 1431?
159
Calculate the highest common factor of 127834 and 4303530.
322
Calculate the greatest common factor of 8165804 and 16.
4
Calculate the greatest common factor of 4080961 and 2694.
449
Calculate the greatest common factor of 380052 and 394740.
1836
Calculate the highest common factor of 9708 and 67668.
12
What is the highest common divisor of 1840296 and 642?
6
What is the greatest common divisor of 2540 and 24591010?
1270
Calculate the greatest common divisor of 92496 and 13831536.
2256
Calculate the highest common divisor of 96350 and 135830.
470
Calculate the highest common divisor of 78869 and 6716318.
4151
What is the greatest common divisor of 5136 and 301610958?
642
Calculate the greatest common divisor of 107973806 and 47604.
7934
Calculate the greatest common factor of 344 and 24057812.
172
Calculate the highest common divisor of 53935705 and 123.
41
Calculate the greatest common factor of 1403451 and 5817.
21
Calculate the greatest common divisor of 52879832 and 41.
41
Calculate the greatest common divisor of 50 and 53720470.
10
Calculate the highest common divisor of 6346 and 1094221742.
6346
Calculate the highest common divisor of 174454 and 6137.
17
What is the highest common divisor of 8 and 13741384?
8
Calculate the greatest common factor of 400856 and 44477.
563
Calculate the highest common factor of 27155 and 30245.
5
What is the greatest common divisor of 80616116 and 84?
28
What is the greatest common factor of 4296 and 370128?
24
Calculate the highest common divisor of 93800 and 146100.
100
What is the highest common divisor of 88344 and 5184?
216
What is the greatest common factor of 2947545 and 3645?
45
What is the highest common divisor of 78711 and 1941?
3
Calculate the highest common factor of 80204527 and 1183.
169
Calculate the greatest common factor of 338184 and 16421139.
3843
Calculate the greatest common divisor of 166 and 244741934.
166
What is the greatest common divisor of 81 and 22055652?
81
Calculate the highest common factor of 86900 and 606892.
44
What is the highest common divisor of 561 and 115951152?
51
What is the highest common divisor of 106387 and 28964?
557
What is the greatest common divisor of 633840 and 280?
40
What is the highest common divisor of 893899 and 363591?
569
What is the highest common divisor of 4959 and 1422711?
261
Calculate the greatest common divisor of 623 and 9912108.
89
Calculate the highest common factor of 8074664 and 39.
13
What is the greatest common factor of 10551442 and 112328?
1478
What is the highest common divisor of 3997530 and 30?
30
What is the greatest common factor of 34398 and 2303?
49
Calculate the highest common factor of 684 and 294026976.
684
What is the greatest common divisor of 19832001 and 18472?
2309
Calculate the highest common divisor of 514 and 18288377.
257
Calculate the highest common divisor of 748906296 and 852.
852
Calculate the greatest common divisor of 90585 and 36930681.
1647
What is the greatest common divisor of 160 and 79974920?
40
What is the greatest common factor of 42 and 18122986?
14
What is the highest common factor of 43027 and 2159?
17
Calculate the greatest common factor of 30155 and 178197957.
6031
What is the highest common divisor of 1848 and 219792496?
616
Calculate the greatest common divisor of 3576 and 383496.
24
Calculate the highest common divisor of 2134 and 46552434.
194
Calculate the highest common factor of 637043 and 4147.
319
Calculate the highest common factor of 3780 and 16345.
35
Calculate the greatest common divisor of 2885 and 320497535.
2885
What is the greatest common divisor of 15565 and 13717?
11
Calculate the highest common factor of 76590 and 1680012.
414
Calculate the greatest common factor of 2064 and 42024.
24
Calculate the highest common divisor of 104 and 10211.
1
What is the greatest common factor of 52959 and 272301?
417
What is the greatest common divisor of 30430981 and 593?
593
Calculate the highest common divisor of 7451915 and 8380.
2095
Calculate the greatest common factor of 2538064 and 65190.
4346
What is the greatest common factor of 45066 and 462370722?
6438
What is the greatest common factor of 6792138 and 6?
6
What is the greatest common divisor of 328146 and 635858?
1202
Calculate the greatest common factor of 520045668 and 180.
36
What is the highest common factor of 451773 and 22862?
497
Calculate the greatest common divisor of 621819 and 4477.
121
What is the highest common divisor of 352380755 and 38840?
4855
Calculate the highest common divisor of 7200 and 163888.
16
Calculate the highest common divisor of 3784 and 6672611.
473
Calculate the greatest common factor of 15216 and 299635374.
1902
Calculate the greatest common divisor of 2763 and 3744479.
307
Calculate the greatest common divisor of 420616 and 56.
56
Calculate the highest common divisor of 705552 and 288.
48
What is the greatest common divisor of 1919476856 and 88?
88
Calculate the greatest common divisor of 158484 and 85916.
188
Calculate the highest common divisor of 85010240 and 6720.
2240
What is the greatest common divisor of 16136804 and 3180?
212
What is the greatest common factor of 72 and 43183404?
36
Calculate the greatest common factor of 4453568 and 2506.
14
What is the highest common factor of 896 and 112238?
14
Calculate the greatest common divisor of 75107 and 2195449.
59
What is the greatest common divisor of 2765 and 34699455?
35
Calculate the highest common divisor of 12609615 and 48495.
915
What is the highest common divisor of 118520 and 13220?
20
Calculate the highest common divisor of 102026 and 1202659.
367
Calculate the highest common factor of 43373496 and 5664.
1416
Calculate the greatest common divisor of 2121 and 8685091.
101
Calculate the highest common divisor of 8960 and 34101648.
112
Calculate the greatest common divisor of 28455211 and 319356.
2957
What is the highest common factor of 664219 and 60947?
1033
Calculate the greatest common divisor of 406241 and 671.
11
What is the highest common factor of 626475 and 775?
25
Calculate the highest common divisor of 4401911 and 103.
103
What is the highest common factor of 48391948 and 374?
22
Calculate the greatest common divisor of 547326 and 5694.
78
Calculate the highest common divisor of 7073 and 502458.
11
What is the greatest common divisor of 7535187 and 10692?
2673
Calculate the highest common factor of 101551 and 5081659.
587
What is the greatest common factor of 81339 and 77577?
57
Calculate the highest common factor of 68082544 and 31738.
4534
Calculate the greatest common factor of 9827474 and 1864.
466
What is the greatest common factor of 3696 and 4637424?
528
Calculate the greatest common factor of 747 and 8645612.
83
Calculate the highest common divisor of 3645 and 219391335.
1215
What is the greatest common divisor of 192532 and 780740?
1516
Calculate the highest common divisor of 223737 and 86349.
321
Calculate the greatest common factor of 39 and 4084249.
13
Calculate the